{"id":1097,"date":"2013-07-21T13:03:12","date_gmt":"2013-07-21T13:03:12","guid":{"rendered":"https:\/\/www.villaadriatica.com\/first-last-minute-2\/"},"modified":"2018-07-26T14:59:27","modified_gmt":"2018-07-26T14:59:27","slug":"first-last-minute","status":"publish","type":"page","link":"https:\/\/www.villaadriatica.com\/fr\/first-last-minute\/","title":{"rendered":"First \/ Last minute"},"content":{"rendered":"<p><strong><span style=\"color: #ff6600;\">Remises des premi\u00e8res et derni\u00e8re minute<\/span><\/strong><\/p>\n<p>Nous avons pr\u00e9par\u00e9 am\u00e9nagements sp\u00e9ciaux, r\u00e9servation de derni\u00e8re minute:<br \/>\n<strong>5% de r\u00e9duction<\/strong> sur le prix total de la Villa Adriatica pour les r\u00e9servations effectu\u00e9es via notre site web &#8211; R\u00e9server!<br \/>\n27.09.2018 &#8211; 20.10.2019 \u2794 <strong>10% de r\u00e9duction<\/strong> sur les dates en basse\u00a0saison.<\/p>\n<p><a href=\"https:\/\/www.villaadriatica.com\/wp-content\/uploads\/2013\/06\/Special-offer-600.jpg\"><img loading=\"lazy\" decoding=\"async\" class=\"alignnone size-full wp-image-449\" title=\"Hotel Villa Adriatica - Special offer\" src=\"https:\/\/www.villaadriatica.com\/wp-content\/uploads\/2013\/06\/Special-offer-600.jpg\" alt=\"\" width=\"635\" height=\"322\" srcset=\"https:\/\/www.villaadriatica.com\/wp-content\/uploads\/2013\/06\/Special-offer-600.jpg 635w, https:\/\/www.villaadriatica.com\/wp-content\/uploads\/2013\/06\/Special-offer-600-300x152.jpg 300w\" sizes=\"auto, (max-width: 635px) 100vw, 635px\" \/><\/a><\/p>\n<p>Ne manquez pas une offre sp\u00e9ciale et inscrivez-vous \u00e0 notre <a title=\"Newsletter\" href=\"https:\/\/www.villaadriatica.com\/newsletter\/\">Newsletter<\/a>!<br \/>\nPour vous tenir au courant des derni\u00e8res commodit\u00e9s, suivez-nous sur les r\u00e9seaux sociaux:<br \/>\n<!-- Social Ring Buttons Start --><div class=\"social-ring\">\n<div class=\"social-ring-button\"><fb:like href=\"https:\/\/www.villaadriatica.com\/fr\/first-last-minute\/\" showfaces=\"false\" layout=\"button_count\" action=\"like\"><\/fb:like><\/div>\n<div class=\"social-ring-button\"><a href=\"https:\/\/www.facebook.com\/sharer\/sharer.php?s=100&p[url]=https:\/\/www.villaadriatica.com\/fr\/first-last-minute\/\" target=\"_blank\"\n\t\t\t\t\t\t\tonclick=\"window.open('https:\/\/www.facebook.com\/sharer\/sharer.php?s=100&p[url]=https:\/\/www.villaadriatica.com\/fr\/first-last-minute\/', 'newwindow', 'width=600, height=450'); return false;\" >\n\t\t\t\t\t\t\t<img decoding=\"async\" style=\"display:block; background: none; padding: 0px; border:0px;\" src=\"https:\/\/www.villaadriatica.com\/wp-content\/plugins\/wordpress-social-ring\/includes\/..\/admin\/images\/sr-fb-share.png\" alt=\"Share\"\/>\n\t\t\t\t\t\t<\/a><\/div>\n<div class=\"social-ring-button\"><a rel=\"nofollow\" href=\"http:\/\/twitter.com\/share\" lang=\"en\" data-url=\"https:\/\/www.villaadriatica.com\/fr\/first-last-minute\/\" data-text=\"First \/ Last minute\" data-count=\"horizontal\" class=\"sr-twitter-button twitter-share-button\"><\/a><\/div>\n<div class=\"social-ring-button\"><div class=\"g-plusone\" data-href=\"https:\/\/www.villaadriatica.com\/fr\/first-last-minute\/\" data-size=\"medium\" ><\/div><\/div>\n<div class=\"social-ring-button\"><a rel=\"nofollow\" href=\"http:\/\/pinterest.com\/pin\/create\/button\/?url=https%3A%2F%2Fwww.villaadriatica.com%2Ffr%2Ffirst-last-minute%2F&media=https%3A%2F%2Fwww.villaadriatica.com%2Fwp-content%2Fuploads%2F2013%2F06%2FSpecial-offer-600.jpg&description=First+%2F+Last+minute\" class=\"pin-it-button\"count-layout=\"horizontal\"><\/a><\/div>\n<\/div><!-- Social Ring Buttons End -->\n<\/p>\n","protected":false},"excerpt":{"rendered":"<p>Remises des premi\u00e8res et derni\u00e8re minute Nous avons pr\u00e9par\u00e9 am\u00e9nagements sp\u00e9ciaux, r\u00e9servation de derni\u00e8re minute: 5% de r\u00e9duction sur le prix total de la Villa Adriatica pour les r\u00e9servations effectu\u00e9es via notre site web&#8230;<\/p>\n","protected":false},"author":1,"featured_media":0,"parent":0,"menu_order":0,"comment_status":"closed","ping_status":"closed","template":"","meta":{"footnotes":""},"class_list":["post-1097","page","type-page","status-publish","hentry"],"yoast_head":"<!-- This site is optimized with the Yoast SEO plugin v25.1 - https:\/\/yoast.com\/wordpress\/plugins\/seo\/ -->\n<title>Hotel Villa Adriatica | Supetar, Bra\u010d | Premi\u00e8res et Derni\u00e8re minute<\/title>\n<meta name=\"description\" content=\"Nous avons pr\u00e9par\u00e9 am\u00e9nagements sp\u00e9ciaux, r\u00e9servation de derni\u00e8re minute. 10% de r\u00e9duction sur le prix total de la Villa Adriatica pour les r\u00e9servations effectu\u00e9es via notre site web - R\u00e9server!\" \/>\n<meta name=\"robots\" content=\"index, follow, max-snippet:-1, max-image-preview:large, max-video-preview:-1\" \/>\n<link rel=\"canonical\" href=\"https:\/\/www.villaadriatica.com\/fr\/first-last-minute\/\" \/>\n<meta property=\"og:locale\" content=\"fr_FR\" \/>\n<meta property=\"og:type\" content=\"article\" \/>\n<meta property=\"og:title\" content=\"Hotel Villa Adriatica | Supetar, Bra\u010d | Premi\u00e8res et Derni\u00e8re minute\" \/>\n<meta property=\"og:description\" content=\"Nous avons pr\u00e9par\u00e9 am\u00e9nagements sp\u00e9ciaux, r\u00e9servation de derni\u00e8re minute. 10% de r\u00e9duction sur le prix total de la Villa Adriatica pour les r\u00e9servations effectu\u00e9es via notre site web - R\u00e9server!\" \/>\n<meta property=\"og:url\" content=\"https:\/\/www.villaadriatica.com\/fr\/first-last-minute\/\" \/>\n<meta property=\"article:modified_time\" content=\"2018-07-26T14:59:27+00:00\" \/>\n<meta property=\"og:image\" content=\"https:\/\/www.villaadriatica.com\/wp-content\/uploads\/2013\/06\/Special-offer-600.jpg\" \/>\n<script type=\"application\/ld+json\" class=\"yoast-schema-graph\">{\"@context\":\"https:\/\/schema.org\",\"@graph\":[{\"@type\":\"WebPage\",\"@id\":\"https:\/\/www.villaadriatica.com\/fr\/first-last-minute\/\",\"url\":\"https:\/\/www.villaadriatica.com\/fr\/first-last-minute\/\",\"name\":\"Hotel Villa Adriatica | Supetar, Bra\u010d | Premi\u00e8res et Derni\u00e8re minute\",\"isPartOf\":{\"@id\":\"https:\/\/www.villaadriatica.com\/hr\/#website\"},\"primaryImageOfPage\":{\"@id\":\"https:\/\/www.villaadriatica.com\/fr\/first-last-minute\/#primaryimage\"},\"image\":{\"@id\":\"https:\/\/www.villaadriatica.com\/fr\/first-last-minute\/#primaryimage\"},\"thumbnailUrl\":\"https:\/\/www.villaadriatica.com\/wp-content\/uploads\/2013\/06\/Special-offer-600.jpg\",\"datePublished\":\"2013-07-21T13:03:12+00:00\",\"dateModified\":\"2018-07-26T14:59:27+00:00\",\"description\":\"Nous avons pr\u00e9par\u00e9 am\u00e9nagements sp\u00e9ciaux, r\u00e9servation de derni\u00e8re minute. 10% de r\u00e9duction sur le prix total de la Villa Adriatica pour les r\u00e9servations effectu\u00e9es via notre site web - R\u00e9server!\",\"breadcrumb\":{\"@id\":\"https:\/\/www.villaadriatica.com\/fr\/first-last-minute\/#breadcrumb\"},\"inLanguage\":\"fr-FR\",\"potentialAction\":[{\"@type\":\"ReadAction\",\"target\":[\"https:\/\/www.villaadriatica.com\/fr\/first-last-minute\/\"]}]},{\"@type\":\"ImageObject\",\"inLanguage\":\"fr-FR\",\"@id\":\"https:\/\/www.villaadriatica.com\/fr\/first-last-minute\/#primaryimage\",\"url\":\"https:\/\/www.villaadriatica.com\/wp-content\/uploads\/2013\/06\/Special-offer-600.jpg\",\"contentUrl\":\"https:\/\/www.villaadriatica.com\/wp-content\/uploads\/2013\/06\/Special-offer-600.jpg\"},{\"@type\":\"BreadcrumbList\",\"@id\":\"https:\/\/www.villaadriatica.com\/fr\/first-last-minute\/#breadcrumb\",\"itemListElement\":[{\"@type\":\"ListItem\",\"position\":1,\"name\":\"Home\",\"item\":\"https:\/\/www.villaadriatica.com\/fr\/\"},{\"@type\":\"ListItem\",\"position\":2,\"name\":\"First \/ Last minute\"}]},{\"@type\":\"WebSite\",\"@id\":\"https:\/\/www.villaadriatica.com\/hr\/#website\",\"url\":\"https:\/\/www.villaadriatica.com\/hr\/\",\"name\":\"\",\"description\":\"\",\"potentialAction\":[{\"@type\":\"SearchAction\",\"target\":{\"@type\":\"EntryPoint\",\"urlTemplate\":\"https:\/\/www.villaadriatica.com\/hr\/?s={search_term_string}\"},\"query-input\":{\"@type\":\"PropertyValueSpecification\",\"valueRequired\":true,\"valueName\":\"search_term_string\"}}],\"inLanguage\":\"fr-FR\"}]}<\/script>\n<!-- \/ Yoast SEO plugin. -->","yoast_head_json":{"title":"Hotel Villa Adriatica | Supetar, Bra\u010d | Premi\u00e8res et Derni\u00e8re minute","description":"Nous avons pr\u00e9par\u00e9 am\u00e9nagements sp\u00e9ciaux, r\u00e9servation de derni\u00e8re minute. 10% de r\u00e9duction sur le prix total de la Villa Adriatica pour les r\u00e9servations effectu\u00e9es via notre site web - R\u00e9server!","robots":{"index":"index","follow":"follow","max-snippet":"max-snippet:-1","max-image-preview":"max-image-preview:large","max-video-preview":"max-video-preview:-1"},"canonical":"https:\/\/www.villaadriatica.com\/fr\/first-last-minute\/","og_locale":"fr_FR","og_type":"article","og_title":"Hotel Villa Adriatica | Supetar, Bra\u010d | Premi\u00e8res et Derni\u00e8re minute","og_description":"Nous avons pr\u00e9par\u00e9 am\u00e9nagements sp\u00e9ciaux, r\u00e9servation de derni\u00e8re minute. 10% de r\u00e9duction sur le prix total de la Villa Adriatica pour les r\u00e9servations effectu\u00e9es via notre site web - R\u00e9server!","og_url":"https:\/\/www.villaadriatica.com\/fr\/first-last-minute\/","article_modified_time":"2018-07-26T14:59:27+00:00","og_image":[{"url":"https:\/\/www.villaadriatica.com\/wp-content\/uploads\/2013\/06\/Special-offer-600.jpg","type":"","width":"","height":""}],"schema":{"@context":"https:\/\/schema.org","@graph":[{"@type":"WebPage","@id":"https:\/\/www.villaadriatica.com\/fr\/first-last-minute\/","url":"https:\/\/www.villaadriatica.com\/fr\/first-last-minute\/","name":"Hotel Villa Adriatica | Supetar, Bra\u010d | Premi\u00e8res et Derni\u00e8re minute","isPartOf":{"@id":"https:\/\/www.villaadriatica.com\/hr\/#website"},"primaryImageOfPage":{"@id":"https:\/\/www.villaadriatica.com\/fr\/first-last-minute\/#primaryimage"},"image":{"@id":"https:\/\/www.villaadriatica.com\/fr\/first-last-minute\/#primaryimage"},"thumbnailUrl":"https:\/\/www.villaadriatica.com\/wp-content\/uploads\/2013\/06\/Special-offer-600.jpg","datePublished":"2013-07-21T13:03:12+00:00","dateModified":"2018-07-26T14:59:27+00:00","description":"Nous avons pr\u00e9par\u00e9 am\u00e9nagements sp\u00e9ciaux, r\u00e9servation de derni\u00e8re minute. 10% de r\u00e9duction sur le prix total de la Villa Adriatica pour les r\u00e9servations effectu\u00e9es via notre site web - R\u00e9server!","breadcrumb":{"@id":"https:\/\/www.villaadriatica.com\/fr\/first-last-minute\/#breadcrumb"},"inLanguage":"fr-FR","potentialAction":[{"@type":"ReadAction","target":["https:\/\/www.villaadriatica.com\/fr\/first-last-minute\/"]}]},{"@type":"ImageObject","inLanguage":"fr-FR","@id":"https:\/\/www.villaadriatica.com\/fr\/first-last-minute\/#primaryimage","url":"https:\/\/www.villaadriatica.com\/wp-content\/uploads\/2013\/06\/Special-offer-600.jpg","contentUrl":"https:\/\/www.villaadriatica.com\/wp-content\/uploads\/2013\/06\/Special-offer-600.jpg"},{"@type":"BreadcrumbList","@id":"https:\/\/www.villaadriatica.com\/fr\/first-last-minute\/#breadcrumb","itemListElement":[{"@type":"ListItem","position":1,"name":"Home","item":"https:\/\/www.villaadriatica.com\/fr\/"},{"@type":"ListItem","position":2,"name":"First \/ Last minute"}]},{"@type":"WebSite","@id":"https:\/\/www.villaadriatica.com\/hr\/#website","url":"https:\/\/www.villaadriatica.com\/hr\/","name":"","description":"","potentialAction":[{"@type":"SearchAction","target":{"@type":"EntryPoint","urlTemplate":"https:\/\/www.villaadriatica.com\/hr\/?s={search_term_string}"},"query-input":{"@type":"PropertyValueSpecification","valueRequired":true,"valueName":"search_term_string"}}],"inLanguage":"fr-FR"}]}},"_links":{"self":[{"href":"https:\/\/www.villaadriatica.com\/fr\/wp-json\/wp\/v2\/pages\/1097","targetHints":{"allow":["GET"]}}],"collection":[{"href":"https:\/\/www.villaadriatica.com\/fr\/wp-json\/wp\/v2\/pages"}],"about":[{"href":"https:\/\/www.villaadriatica.com\/fr\/wp-json\/wp\/v2\/types\/page"}],"author":[{"embeddable":true,"href":"https:\/\/www.villaadriatica.com\/fr\/wp-json\/wp\/v2\/users\/1"}],"replies":[{"embeddable":true,"href":"https:\/\/www.villaadriatica.com\/fr\/wp-json\/wp\/v2\/comments?post=1097"}],"version-history":[{"count":5,"href":"https:\/\/www.villaadriatica.com\/fr\/wp-json\/wp\/v2\/pages\/1097\/revisions"}],"predecessor-version":[{"id":2909,"href":"https:\/\/www.villaadriatica.com\/fr\/wp-json\/wp\/v2\/pages\/1097\/revisions\/2909"}],"wp:attachment":[{"href":"https:\/\/www.villaadriatica.com\/fr\/wp-json\/wp\/v2\/media?parent=1097"}],"curies":[{"name":"wp","href":"https:\/\/api.w.org\/{rel}","templated":true}]}}

<p><strong><span style="color: #ff6600;">Remises des premières et dernière minute</span></strong></p>
<p>Nous avons préparé aménagements spéciaux, réservation de dernière minute:<br />
<strong>5% de réduction</strong> sur le prix total de la Villa Adriatica pour les réservations effectuées via notre site web &#8211; Réserver!<br />
27.09.2018 &#8211; 20.10.2019 ➔ <strong>10% de réduction</strong> sur les dates en basse saison.</p>
<p><a href="https://www.villaadriatica.com/wp-content/uploads/2013/06/Special-offer-600.jpg"><img loading="lazy" decoding="async" class="alignnone size-full wp-image-449" title="Hotel Villa Adriatica - Special offer" src="https://www.villaadriatica.com/wp-content/uploads/2013/06/Special-offer-600.jpg" alt="" width="635" height="322" srcset="https://www.villaadriatica.com/wp-content/uploads/2013/06/Special-offer-600.jpg 635w, https://www.villaadriatica.com/wp-content/uploads/2013/06/Special-offer-600-300x152.jpg 300w" sizes="auto, (max-width: 635px) 100vw, 635px" /></a></p>
<p>Ne manquez pas une offre spéciale et inscrivez-vous à notre <a title="Newsletter" href="https://www.villaadriatica.com/newsletter/">Newsletter</a>!<br />
Pour vous tenir au courant des dernières commodités, suivez-nous sur les réseaux sociaux:<br />
<!-- Social Ring Buttons Start --><div class="social-ring">
<div class="social-ring-button"><fb:like href="https://www.villaadriatica.com/fr/first-last-minute/" showfaces="false" layout="button_count" action="like"></fb:like></div>
<div class="social-ring-button"><a href="https://www.facebook.com/sharer/sharer.php?s=100&p[url]=https://www.villaadriatica.com/fr/first-last-minute/" target="_blank"
							onclick="window.open('https://www.facebook.com/sharer/sharer.php?s=100&p[url]=https://www.villaadriatica.com/fr/first-last-minute/', 'newwindow', 'width=600, height=450'); return false;" >
							<img decoding="async" style="display:block; background: none; padding: 0px; border:0px;" src="https://www.villaadriatica.com/wp-content/plugins/wordpress-social-ring/includes/../admin/images/sr-fb-share.png" alt="Share"/>
						</a></div>
<div class="social-ring-button"><a rel="nofollow" href="http://twitter.com/share" lang="en" data-url="https://www.villaadriatica.com/fr/first-last-minute/" data-text="First / Last minute" data-count="horizontal" class="sr-twitter-button twitter-share-button"></a></div>
<div class="social-ring-button"><div class="g-plusone" data-href="https://www.villaadriatica.com/fr/first-last-minute/" data-size="medium" ></div></div>
<div class="social-ring-button"><a rel="nofollow" href="http://pinterest.com/pin/create/button/?url=https%3A%2F%2Fwww.villaadriatica.com%2Ffr%2Ffirst-last-minute%2F&media=https%3A%2F%2Fwww.villaadriatica.com%2Fwp-content%2Fuploads%2F2013%2F06%2FSpecial-offer-600.jpg&description=First+%2F+Last+minute" class="pin-it-button"count-layout="horizontal"></a></div>
</div><!-- Social Ring Buttons End -->
</p>

<p>Remises des premières et dernière minute Nous avons préparé aménagements spéciaux, réservation de dernière minute: 5% de réduction sur le prix total de la Villa Adriatica pour les réservations effectuées via notre site web&#8230;</p>

<!-- This site is optimized with the Yoast SEO plugin v25.1 - https://yoast.com/wordpress/plugins/seo/ -->
<title>Hotel Villa Adriatica | Supetar, Brač | Premières et Dernière minute</title>
<meta name="description" content="Nous avons préparé aménagements spéciaux, réservation de dernière minute. 10% de réduction sur le prix total de la Villa Adriatica pour les réservations effectuées via notre site web - Réserver!" />
<meta name="robots" content="index, follow, max-snippet:-1, max-image-preview:large, max-video-preview:-1" />
<link rel="canonical" href="https://www.villaadriatica.com/fr/first-last-minute/" />
<meta property="og:locale" content="fr_FR" />
<meta property="og:type" content="article" />
<meta property="og:title" content="Hotel Villa Adriatica | Supetar, Brač | Premières et Dernière minute" />
<meta property="og:description" content="Nous avons préparé aménagements spéciaux, réservation de dernière minute. 10% de réduction sur le prix total de la Villa Adriatica pour les réservations effectuées via notre site web - Réserver!" />
<meta property="og:url" content="https://www.villaadriatica.com/fr/first-last-minute/" />
<meta property="article:modified_time" content="2018-07-26T14:59:27+00:00" />
<meta property="og:image" content="https://www.villaadriatica.com/wp-content/uploads/2013/06/Special-offer-600.jpg" />
<script type="application/ld+json" class="yoast-schema-graph">{"@context":"https://schema.org","@graph":[{"@type":"WebPage","@id":"https://www.villaadriatica.com/fr/first-last-minute/","url":"https://www.villaadriatica.com/fr/first-last-minute/","name":"Hotel Villa Adriatica | Supetar, Brač | Premières et Dernière minute","isPartOf":{"@id":"https://www.villaadriatica.com/hr/#website"},"primaryImageOfPage":{"@id":"https://www.villaadriatica.com/fr/first-last-minute/#primaryimage"},"image":{"@id":"https://www.villaadriatica.com/fr/first-last-minute/#primaryimage"},"thumbnailUrl":"https://www.villaadriatica.com/wp-content/uploads/2013/06/Special-offer-600.jpg","datePublished":"2013-07-21T13:03:12+00:00","dateModified":"2018-07-26T14:59:27+00:00","description":"Nous avons préparé aménagements spéciaux, réservation de dernière minute. 10% de réduction sur le prix total de la Villa Adriatica pour les réservations effectuées via notre site web - Réserver!","breadcrumb":{"@id":"https://www.villaadriatica.com/fr/first-last-minute/#breadcrumb"},"inLanguage":"fr-FR","potentialAction":[{"@type":"ReadAction","target":["https://www.villaadriatica.com/fr/first-last-minute/"]}]},{"@type":"ImageObject","inLanguage":"fr-FR","@id":"https://www.villaadriatica.com/fr/first-last-minute/#primaryimage","url":"https://www.villaadriatica.com/wp-content/uploads/2013/06/Special-offer-600.jpg","contentUrl":"https://www.villaadriatica.com/wp-content/uploads/2013/06/Special-offer-600.jpg"},{"@type":"BreadcrumbList","@id":"https://www.villaadriatica.com/fr/first-last-minute/#breadcrumb","itemListElement":[{"@type":"ListItem","position":1,"name":"Home","item":"https://www.villaadriatica.com/fr/"},{"@type":"ListItem","position":2,"name":"First / Last minute"}]},{"@type":"WebSite","@id":"https://www.villaadriatica.com/hr/#website","url":"https://www.villaadriatica.com/hr/","name":"","description":"","potentialAction":[{"@type":"SearchAction","target":{"@type":"EntryPoint","urlTemplate":"https://www.villaadriatica.com/hr/?s={search_term_string}"},"query-input":{"@type":"PropertyValueSpecification","valueRequired":true,"valueName":"search_term_string"}}],"inLanguage":"fr-FR"}]}</script>
<!-- / Yoast SEO plugin. -->

Hotel Villa Adriatica | Supetar, Brač | Premières et Dernière minute

Nous avons préparé aménagements spéciaux, réservation de dernière minute. 10% de réduction sur le prix total de la Villa Adriatica pour les réservations effectuées via notre site web - Réserver!
