{"id":1278,"date":"2013-07-11T13:22:57","date_gmt":"2013-07-11T13:22:57","guid":{"rendered":"https:\/\/www.villaadriatica.com\/our-family-and-staff-2\/"},"modified":"2013-12-09T08:36:49","modified_gmt":"2013-12-09T08:36:49","slug":"nuestra-familia","status":"publish","type":"page","link":"https:\/\/www.villaadriatica.com\/es\/nuestra-familia\/","title":{"rendered":"Nuestra familia y el personal"},"content":{"rendered":"<p>En el hotel Villa Adri\u00e1tica \u201csiempre ser\u00e1 muy bien recibido y bienvenido\u201d y nuestro personal har\u00e1 todo lo posible, para que sea \u00e9sta su segunda casa.<a href=\"https:\/\/www.villaadriatica.com\/wp-content\/uploads\/2013\/07\/Hotel-Villa-Adriatica-Supetar-Brac-122.jpg\"><img loading=\"lazy\" decoding=\"async\" class=\"alignnone  wp-image-328\" title=\"Hotel-Villa-Adriatica-Supetar-Brac-122\" src=\"https:\/\/www.villaadriatica.com\/wp-content\/uploads\/2013\/07\/Hotel-Villa-Adriatica-Supetar-Brac-122.jpg\" alt=\"\" width=\"630\" height=\"420\" srcset=\"https:\/\/www.villaadriatica.com\/wp-content\/uploads\/2013\/07\/Hotel-Villa-Adriatica-Supetar-Brac-122.jpg 900w, https:\/\/www.villaadriatica.com\/wp-content\/uploads\/2013\/07\/Hotel-Villa-Adriatica-Supetar-Brac-122-300x200.jpg 300w\" sizes=\"auto, (max-width: 630px) 100vw, 630px\" \/><\/a><br \/>\n<em>Rel\u00e1jese y unirse a nosotros en un ambiente amistoso Villa Adriatica!<\/em><br \/>\n<!-- Social Ring Buttons Start --><div class=\"social-ring\">\n<div class=\"social-ring-button\"><fb:like href=\"https:\/\/www.villaadriatica.com\/es\/nuestra-familia\/\" showfaces=\"false\" layout=\"button_count\" action=\"like\"><\/fb:like><\/div>\n<div class=\"social-ring-button\"><a href=\"https:\/\/www.facebook.com\/sharer\/sharer.php?s=100&p[url]=https:\/\/www.villaadriatica.com\/es\/nuestra-familia\/\" target=\"_blank\"\n\t\t\t\t\t\t\tonclick=\"window.open('https:\/\/www.facebook.com\/sharer\/sharer.php?s=100&p[url]=https:\/\/www.villaadriatica.com\/es\/nuestra-familia\/', 'newwindow', 'width=600, height=450'); return false;\" >\n\t\t\t\t\t\t\t<img decoding=\"async\" style=\"display:block; background: none; padding: 0px; border:0px;\" src=\"https:\/\/www.villaadriatica.com\/wp-content\/plugins\/wordpress-social-ring\/includes\/..\/admin\/images\/sr-fb-share.png\" alt=\"Share\"\/>\n\t\t\t\t\t\t<\/a><\/div>\n<div class=\"social-ring-button\"><a rel=\"nofollow\" href=\"http:\/\/twitter.com\/share\" lang=\"en\" data-url=\"https:\/\/www.villaadriatica.com\/es\/nuestra-familia\/\" data-text=\"Nuestra familia y el personal\" data-count=\"horizontal\" class=\"sr-twitter-button twitter-share-button\"><\/a><\/div>\n<div class=\"social-ring-button\"><div class=\"g-plusone\" data-href=\"https:\/\/www.villaadriatica.com\/es\/nuestra-familia\/\" data-size=\"medium\" ><\/div><\/div>\n<div class=\"social-ring-button\"><a rel=\"nofollow\" href=\"http:\/\/pinterest.com\/pin\/create\/button\/?url=https%3A%2F%2Fwww.villaadriatica.com%2Fes%2Fnuestra-familia%2F&media=https%3A%2F%2Fwww.villaadriatica.com%2Fwp-content%2Fuploads%2F2013%2F07%2FHotel-Villa-Adriatica-Supetar-Brac-122.jpg&description=Nuestra+familia+y+el+personal\" class=\"pin-it-button\"count-layout=\"horizontal\"><\/a><\/div>\n<\/div><!-- Social Ring Buttons End -->\n<\/p>\n","protected":false},"excerpt":{"rendered":"<p>En el hotel Villa Adri\u00e1tica \u201csiempre ser\u00e1 muy bien recibido y bienvenido\u201d y nuestro personal har\u00e1 todo lo posible, para que sea \u00e9sta su segunda casa. Rel\u00e1jese y unirse a nosotros en un ambiente&#8230;<\/p>\n","protected":false},"author":1,"featured_media":0,"parent":0,"menu_order":0,"comment_status":"closed","ping_status":"closed","template":"","meta":{"footnotes":""},"class_list":["post-1278","page","type-page","status-publish","hentry"],"yoast_head":"<!-- This site is optimized with the Yoast SEO plugin v25.1 - https:\/\/yoast.com\/wordpress\/plugins\/seo\/ -->\n<title>Hotel Villa Adriatica - Nuestra familia y el personal<\/title>\n<meta name=\"description\" content=\"En el hotel Villa Adri\u00e1tica \u201csiempre ser\u00e1 muy bien recibido y bienvenido\u201d y nuestro personal har\u00e1 todo lo posible, para que sea \u00e9sta su segunda casa.\" \/>\n<meta name=\"robots\" content=\"index, follow, max-snippet:-1, max-image-preview:large, max-video-preview:-1\" \/>\n<link rel=\"canonical\" href=\"https:\/\/www.villaadriatica.com\/es\/nuestra-familia\/\" \/>\n<meta property=\"og:locale\" content=\"es_ES\" \/>\n<meta property=\"og:type\" content=\"article\" \/>\n<meta property=\"og:title\" content=\"Hotel Villa Adriatica - Nuestra familia y el personal\" \/>\n<meta property=\"og:description\" content=\"En el hotel Villa Adri\u00e1tica \u201csiempre ser\u00e1 muy bien recibido y bienvenido\u201d y nuestro personal har\u00e1 todo lo posible, para que sea \u00e9sta su segunda casa.\" \/>\n<meta property=\"og:url\" content=\"https:\/\/www.villaadriatica.com\/es\/nuestra-familia\/\" \/>\n<meta property=\"article:modified_time\" content=\"2013-12-09T08:36:49+00:00\" \/>\n<meta property=\"og:image\" content=\"https:\/\/www.villaadriatica.com\/wp-content\/uploads\/2013\/07\/Hotel-Villa-Adriatica-Supetar-Brac-122.jpg\" \/>\n<script type=\"application\/ld+json\" class=\"yoast-schema-graph\">{\"@context\":\"https:\/\/schema.org\",\"@graph\":[{\"@type\":\"WebPage\",\"@id\":\"https:\/\/www.villaadriatica.com\/es\/nuestra-familia\/\",\"url\":\"https:\/\/www.villaadriatica.com\/es\/nuestra-familia\/\",\"name\":\"Hotel Villa Adriatica - Nuestra familia y el personal\",\"isPartOf\":{\"@id\":\"https:\/\/www.villaadriatica.com\/hr\/#website\"},\"primaryImageOfPage\":{\"@id\":\"https:\/\/www.villaadriatica.com\/es\/nuestra-familia\/#primaryimage\"},\"image\":{\"@id\":\"https:\/\/www.villaadriatica.com\/es\/nuestra-familia\/#primaryimage\"},\"thumbnailUrl\":\"https:\/\/www.villaadriatica.com\/wp-content\/uploads\/2013\/07\/Hotel-Villa-Adriatica-Supetar-Brac-122.jpg\",\"datePublished\":\"2013-07-11T13:22:57+00:00\",\"dateModified\":\"2013-12-09T08:36:49+00:00\",\"description\":\"En el hotel Villa Adri\u00e1tica \u201csiempre ser\u00e1 muy bien recibido y bienvenido\u201d y nuestro personal har\u00e1 todo lo posible, para que sea \u00e9sta su segunda casa.\",\"breadcrumb\":{\"@id\":\"https:\/\/www.villaadriatica.com\/es\/nuestra-familia\/#breadcrumb\"},\"inLanguage\":\"es\",\"potentialAction\":[{\"@type\":\"ReadAction\",\"target\":[\"https:\/\/www.villaadriatica.com\/es\/nuestra-familia\/\"]}]},{\"@type\":\"ImageObject\",\"inLanguage\":\"es\",\"@id\":\"https:\/\/www.villaadriatica.com\/es\/nuestra-familia\/#primaryimage\",\"url\":\"https:\/\/www.villaadriatica.com\/wp-content\/uploads\/2013\/07\/Hotel-Villa-Adriatica-Supetar-Brac-122.jpg\",\"contentUrl\":\"https:\/\/www.villaadriatica.com\/wp-content\/uploads\/2013\/07\/Hotel-Villa-Adriatica-Supetar-Brac-122.jpg\"},{\"@type\":\"BreadcrumbList\",\"@id\":\"https:\/\/www.villaadriatica.com\/es\/nuestra-familia\/#breadcrumb\",\"itemListElement\":[{\"@type\":\"ListItem\",\"position\":1,\"name\":\"Home\",\"item\":\"https:\/\/www.villaadriatica.com\/es\/\"},{\"@type\":\"ListItem\",\"position\":2,\"name\":\"Nuestra familia y el personal\"}]},{\"@type\":\"WebSite\",\"@id\":\"https:\/\/www.villaadriatica.com\/hr\/#website\",\"url\":\"https:\/\/www.villaadriatica.com\/hr\/\",\"name\":\"\",\"description\":\"\",\"potentialAction\":[{\"@type\":\"SearchAction\",\"target\":{\"@type\":\"EntryPoint\",\"urlTemplate\":\"https:\/\/www.villaadriatica.com\/hr\/?s={search_term_string}\"},\"query-input\":{\"@type\":\"PropertyValueSpecification\",\"valueRequired\":true,\"valueName\":\"search_term_string\"}}],\"inLanguage\":\"es\"}]}<\/script>\n<!-- \/ Yoast SEO plugin. -->","yoast_head_json":{"title":"Hotel Villa Adriatica - Nuestra familia y el personal","description":"En el hotel Villa Adri\u00e1tica \u201csiempre ser\u00e1 muy bien recibido y bienvenido\u201d y nuestro personal har\u00e1 todo lo posible, para que sea \u00e9sta su segunda casa.","robots":{"index":"index","follow":"follow","max-snippet":"max-snippet:-1","max-image-preview":"max-image-preview:large","max-video-preview":"max-video-preview:-1"},"canonical":"https:\/\/www.villaadriatica.com\/es\/nuestra-familia\/","og_locale":"es_ES","og_type":"article","og_title":"Hotel Villa Adriatica - Nuestra familia y el personal","og_description":"En el hotel Villa Adri\u00e1tica \u201csiempre ser\u00e1 muy bien recibido y bienvenido\u201d y nuestro personal har\u00e1 todo lo posible, para que sea \u00e9sta su segunda casa.","og_url":"https:\/\/www.villaadriatica.com\/es\/nuestra-familia\/","article_modified_time":"2013-12-09T08:36:49+00:00","og_image":[{"url":"https:\/\/www.villaadriatica.com\/wp-content\/uploads\/2013\/07\/Hotel-Villa-Adriatica-Supetar-Brac-122.jpg","type":"","width":"","height":""}],"schema":{"@context":"https:\/\/schema.org","@graph":[{"@type":"WebPage","@id":"https:\/\/www.villaadriatica.com\/es\/nuestra-familia\/","url":"https:\/\/www.villaadriatica.com\/es\/nuestra-familia\/","name":"Hotel Villa Adriatica - Nuestra familia y el personal","isPartOf":{"@id":"https:\/\/www.villaadriatica.com\/hr\/#website"},"primaryImageOfPage":{"@id":"https:\/\/www.villaadriatica.com\/es\/nuestra-familia\/#primaryimage"},"image":{"@id":"https:\/\/www.villaadriatica.com\/es\/nuestra-familia\/#primaryimage"},"thumbnailUrl":"https:\/\/www.villaadriatica.com\/wp-content\/uploads\/2013\/07\/Hotel-Villa-Adriatica-Supetar-Brac-122.jpg","datePublished":"2013-07-11T13:22:57+00:00","dateModified":"2013-12-09T08:36:49+00:00","description":"En el hotel Villa Adri\u00e1tica \u201csiempre ser\u00e1 muy bien recibido y bienvenido\u201d y nuestro personal har\u00e1 todo lo posible, para que sea \u00e9sta su segunda casa.","breadcrumb":{"@id":"https:\/\/www.villaadriatica.com\/es\/nuestra-familia\/#breadcrumb"},"inLanguage":"es","potentialAction":[{"@type":"ReadAction","target":["https:\/\/www.villaadriatica.com\/es\/nuestra-familia\/"]}]},{"@type":"ImageObject","inLanguage":"es","@id":"https:\/\/www.villaadriatica.com\/es\/nuestra-familia\/#primaryimage","url":"https:\/\/www.villaadriatica.com\/wp-content\/uploads\/2013\/07\/Hotel-Villa-Adriatica-Supetar-Brac-122.jpg","contentUrl":"https:\/\/www.villaadriatica.com\/wp-content\/uploads\/2013\/07\/Hotel-Villa-Adriatica-Supetar-Brac-122.jpg"},{"@type":"BreadcrumbList","@id":"https:\/\/www.villaadriatica.com\/es\/nuestra-familia\/#breadcrumb","itemListElement":[{"@type":"ListItem","position":1,"name":"Home","item":"https:\/\/www.villaadriatica.com\/es\/"},{"@type":"ListItem","position":2,"name":"Nuestra familia y el personal"}]},{"@type":"WebSite","@id":"https:\/\/www.villaadriatica.com\/hr\/#website","url":"https:\/\/www.villaadriatica.com\/hr\/","name":"","description":"","potentialAction":[{"@type":"SearchAction","target":{"@type":"EntryPoint","urlTemplate":"https:\/\/www.villaadriatica.com\/hr\/?s={search_term_string}"},"query-input":{"@type":"PropertyValueSpecification","valueRequired":true,"valueName":"search_term_string"}}],"inLanguage":"es"}]}},"_links":{"self":[{"href":"https:\/\/www.villaadriatica.com\/es\/wp-json\/wp\/v2\/pages\/1278","targetHints":{"allow":["GET"]}}],"collection":[{"href":"https:\/\/www.villaadriatica.com\/es\/wp-json\/wp\/v2\/pages"}],"about":[{"href":"https:\/\/www.villaadriatica.com\/es\/wp-json\/wp\/v2\/types\/page"}],"author":[{"embeddable":true,"href":"https:\/\/www.villaadriatica.com\/es\/wp-json\/wp\/v2\/users\/1"}],"replies":[{"embeddable":true,"href":"https:\/\/www.villaadriatica.com\/es\/wp-json\/wp\/v2\/comments?post=1278"}],"version-history":[{"count":4,"href":"https:\/\/www.villaadriatica.com\/es\/wp-json\/wp\/v2\/pages\/1278\/revisions"}],"predecessor-version":[{"id":1282,"href":"https:\/\/www.villaadriatica.com\/es\/wp-json\/wp\/v2\/pages\/1278\/revisions\/1282"}],"wp:attachment":[{"href":"https:\/\/www.villaadriatica.com\/es\/wp-json\/wp\/v2\/media?parent=1278"}],"curies":[{"name":"wp","href":"https:\/\/api.w.org\/{rel}","templated":true}]}}

<p>En el hotel Villa Adriática “siempre será muy bien recibido y bienvenido” y nuestro personal hará todo lo posible, para que sea ésta su segunda casa.<a href="https://www.villaadriatica.com/wp-content/uploads/2013/07/Hotel-Villa-Adriatica-Supetar-Brac-122.jpg"><img loading="lazy" decoding="async" class="alignnone  wp-image-328" title="Hotel-Villa-Adriatica-Supetar-Brac-122" src="https://www.villaadriatica.com/wp-content/uploads/2013/07/Hotel-Villa-Adriatica-Supetar-Brac-122.jpg" alt="" width="630" height="420" srcset="https://www.villaadriatica.com/wp-content/uploads/2013/07/Hotel-Villa-Adriatica-Supetar-Brac-122.jpg 900w, https://www.villaadriatica.com/wp-content/uploads/2013/07/Hotel-Villa-Adriatica-Supetar-Brac-122-300x200.jpg 300w" sizes="auto, (max-width: 630px) 100vw, 630px" /></a><br />
<em>Relájese y unirse a nosotros en un ambiente amistoso Villa Adriatica!</em><br />
<!-- Social Ring Buttons Start --><div class="social-ring">
<div class="social-ring-button"><fb:like href="https://www.villaadriatica.com/es/nuestra-familia/" showfaces="false" layout="button_count" action="like"></fb:like></div>
<div class="social-ring-button"><a href="https://www.facebook.com/sharer/sharer.php?s=100&p[url]=https://www.villaadriatica.com/es/nuestra-familia/" target="_blank"
							onclick="window.open('https://www.facebook.com/sharer/sharer.php?s=100&p[url]=https://www.villaadriatica.com/es/nuestra-familia/', 'newwindow', 'width=600, height=450'); return false;" >
							<img decoding="async" style="display:block; background: none; padding: 0px; border:0px;" src="https://www.villaadriatica.com/wp-content/plugins/wordpress-social-ring/includes/../admin/images/sr-fb-share.png" alt="Share"/>
						</a></div>
<div class="social-ring-button"><a rel="nofollow" href="http://twitter.com/share" lang="en" data-url="https://www.villaadriatica.com/es/nuestra-familia/" data-text="Nuestra familia y el personal" data-count="horizontal" class="sr-twitter-button twitter-share-button"></a></div>
<div class="social-ring-button"><div class="g-plusone" data-href="https://www.villaadriatica.com/es/nuestra-familia/" data-size="medium" ></div></div>
<div class="social-ring-button"><a rel="nofollow" href="http://pinterest.com/pin/create/button/?url=https%3A%2F%2Fwww.villaadriatica.com%2Fes%2Fnuestra-familia%2F&media=https%3A%2F%2Fwww.villaadriatica.com%2Fwp-content%2Fuploads%2F2013%2F07%2FHotel-Villa-Adriatica-Supetar-Brac-122.jpg&description=Nuestra+familia+y+el+personal" class="pin-it-button"count-layout="horizontal"></a></div>
</div><!-- Social Ring Buttons End -->
</p>

<p>En el hotel Villa Adriática “siempre será muy bien recibido y bienvenido” y nuestro personal hará todo lo posible, para que sea ésta su segunda casa. Relájese y unirse a nosotros en un ambiente&#8230;</p>

<!-- This site is optimized with the Yoast SEO plugin v25.1 - https://yoast.com/wordpress/plugins/seo/ -->
<title>Hotel Villa Adriatica - Nuestra familia y el personal</title>
<meta name="description" content="En el hotel Villa Adriática “siempre será muy bien recibido y bienvenido” y nuestro personal hará todo lo posible, para que sea ésta su segunda casa." />
<meta name="robots" content="index, follow, max-snippet:-1, max-image-preview:large, max-video-preview:-1" />
<link rel="canonical" href="https://www.villaadriatica.com/es/nuestra-familia/" />
<meta property="og:locale" content="es_ES" />
<meta property="og:type" content="article" />
<meta property="og:title" content="Hotel Villa Adriatica - Nuestra familia y el personal" />
<meta property="og:description" content="En el hotel Villa Adriática “siempre será muy bien recibido y bienvenido” y nuestro personal hará todo lo posible, para que sea ésta su segunda casa." />
<meta property="og:url" content="https://www.villaadriatica.com/es/nuestra-familia/" />
<meta property="article:modified_time" content="2013-12-09T08:36:49+00:00" />
<meta property="og:image" content="https://www.villaadriatica.com/wp-content/uploads/2013/07/Hotel-Villa-Adriatica-Supetar-Brac-122.jpg" />
<script type="application/ld+json" class="yoast-schema-graph">{"@context":"https://schema.org","@graph":[{"@type":"WebPage","@id":"https://www.villaadriatica.com/es/nuestra-familia/","url":"https://www.villaadriatica.com/es/nuestra-familia/","name":"Hotel Villa Adriatica - Nuestra familia y el personal","isPartOf":{"@id":"https://www.villaadriatica.com/hr/#website"},"primaryImageOfPage":{"@id":"https://www.villaadriatica.com/es/nuestra-familia/#primaryimage"},"image":{"@id":"https://www.villaadriatica.com/es/nuestra-familia/#primaryimage"},"thumbnailUrl":"https://www.villaadriatica.com/wp-content/uploads/2013/07/Hotel-Villa-Adriatica-Supetar-Brac-122.jpg","datePublished":"2013-07-11T13:22:57+00:00","dateModified":"2013-12-09T08:36:49+00:00","description":"En el hotel Villa Adriática “siempre será muy bien recibido y bienvenido” y nuestro personal hará todo lo posible, para que sea ésta su segunda casa.","breadcrumb":{"@id":"https://www.villaadriatica.com/es/nuestra-familia/#breadcrumb"},"inLanguage":"es","potentialAction":[{"@type":"ReadAction","target":["https://www.villaadriatica.com/es/nuestra-familia/"]}]},{"@type":"ImageObject","inLanguage":"es","@id":"https://www.villaadriatica.com/es/nuestra-familia/#primaryimage","url":"https://www.villaadriatica.com/wp-content/uploads/2013/07/Hotel-Villa-Adriatica-Supetar-Brac-122.jpg","contentUrl":"https://www.villaadriatica.com/wp-content/uploads/2013/07/Hotel-Villa-Adriatica-Supetar-Brac-122.jpg"},{"@type":"BreadcrumbList","@id":"https://www.villaadriatica.com/es/nuestra-familia/#breadcrumb","itemListElement":[{"@type":"ListItem","position":1,"name":"Home","item":"https://www.villaadriatica.com/es/"},{"@type":"ListItem","position":2,"name":"Nuestra familia y el personal"}]},{"@type":"WebSite","@id":"https://www.villaadriatica.com/hr/#website","url":"https://www.villaadriatica.com/hr/","name":"","description":"","potentialAction":[{"@type":"SearchAction","target":{"@type":"EntryPoint","urlTemplate":"https://www.villaadriatica.com/hr/?s={search_term_string}"},"query-input":{"@type":"PropertyValueSpecification","valueRequired":true,"valueName":"search_term_string"}}],"inLanguage":"es"}]}</script>
<!-- / Yoast SEO plugin. -->

En el hotel Villa Adriática “siempre será muy bien recibido y bienvenido” y nuestro personal hará todo lo posible, para que sea ésta su segunda casa.
