{"id":1273,"date":"2013-06-11T13:31:58","date_gmt":"2013-06-11T13:31:58","guid":{"rendered":"https:\/\/www.villaadriatica.com\/location-2\/"},"modified":"2020-10-29T14:21:12","modified_gmt":"2020-10-29T14:21:12","slug":"location","status":"publish","type":"page","link":"https:\/\/www.villaadriatica.com\/es\/location\/","title":{"rendered":"Ubicaci\u00f3n"},"content":{"rendered":"<p><iframe loading=\"lazy\" src=\"https:\/\/www.google.com\/maps\/embed?pb=!1m18!1m12!1m3!1d2899.6329605059705!2d16.54305245175685!3d43.38469807766563!2m3!1f0!2f0!3f0!3m2!1i1024!2i768!4f13.1!3m3!1m2!1s0x134a9d851f9d7f11%3A0xacd0df9131d02511!2sHotel%20Villa%20Adriatica!5e0!3m2!1sen!2shr!4v1603980732425!5m2!1sen!2shr\" style=\"border:0;\" allowfullscreen=\"\" aria-hidden=\"false\" tabindex=\"0\" width=\"600\" height=\"450\" frameborder=\"0\"><\/iframe><\/p>\n<p><strong>Utilice este mapa para obtener indicaciones para llegar al Hotel Villa Adriatica.<\/strong><\/p>\n<p><em><strong><a href=\"https:\/\/www.villaadriatica.com\/wp-content\/uploads\/2013\/06\/hotel-villa-adriatica-supetar-brac-location.jpg\"><img loading=\"lazy\" decoding=\"async\" class=\"alignnone  wp-image-205\" title=\"Hotel Villa Adriatica Supetar Brac - Location\" src=\"https:\/\/www.villaadriatica.com\/wp-content\/uploads\/2013\/06\/hotel-villa-adriatica-supetar-brac-location.jpg\" alt=\"Hotel Villa Adriatica Supetar Brac - Location\" width=\"630\" height=\"380\" srcset=\"https:\/\/www.villaadriatica.com\/wp-content\/uploads\/2013\/06\/hotel-villa-adriatica-supetar-brac-location.jpg 900w, https:\/\/www.villaadriatica.com\/wp-content\/uploads\/2013\/06\/hotel-villa-adriatica-supetar-brac-location-300x181.jpg 300w\" sizes=\"auto, (max-width: 630px) 100vw, 630px\" \/><\/a><\/strong><\/em>Villa Adri\u00e1tica, nuestro peque\u00f1o hotel boutique, es la opci\u00f3n correcta para sus vacaciones en Supetar, el coraz\u00f3n de la isla de Bra\u010d, un para\u00edso natural donde se respira aire puro y se goza de tranquilidad. El ambiente familiar y la atenci\u00f3n esmerada y personalizada har\u00e1n que su estad\u00eda sea confortable e inolvidable.<\/p>\n<p><strong>Distancia&#8230;<\/strong><br \/>\n<span style=\"color: #ff6600;\">\u2794<\/span> Centro 400m<br \/>\n<span style=\"color: #ff6600;\">\u2794<\/span> Mar 100m<br \/>\n<span style=\"color: #ff6600;\">\u2794<\/span> Playa 100m<br \/>\n<span style=\"color: #ff6600;\">\u2794<\/span> Restaurante 50m<br \/>\n<span style=\"color: #ff6600;\">\u2794<\/span> Discoteca 50m<br \/>\n<span style=\"color: #ff6600;\">\u2794<\/span>&nbsp;M\u00e9dico \/ Hospital 600m<br \/>\n<span style=\"color: #ff6600;\">\u2794<\/span>&nbsp;Aeropuerto 30 m<br \/>\n<strong>Descripci\u00f3n de la playa<\/strong><br \/>\n<strong>Adicionales playa m\u00e1s cercana:<\/strong><br \/>\n<span style=\"color: #ff6600;\">\u2794<\/span> Tumbonas y sombrillas &#8211; alquiler<br \/>\n<span style=\"color: #ff6600;\">\u2794<\/span> Bandera Azul<br \/>\n<span style=\"color: #ff6600;\">\u2794<\/span> Suplemento para sombrillas<br \/>\n<span style=\"color: #ff6600;\">\u2794<\/span> Duchas<\/p>\n<p><em><strong>Para m\u00e1s informaci\u00f3n y reservas no dude en contactar con nosotros:<\/strong><\/em><br \/>\n<!-- Social Ring Buttons Start --><div class=\"social-ring\">\n<div class=\"social-ring-button\"><fb:like href=\"https:\/\/www.villaadriatica.com\/es\/location\/\" showfaces=\"false\" layout=\"button_count\" action=\"like\"><\/fb:like><\/div>\n<div class=\"social-ring-button\"><a href=\"https:\/\/www.facebook.com\/sharer\/sharer.php?s=100&p[url]=https:\/\/www.villaadriatica.com\/es\/location\/\" target=\"_blank\"\n\t\t\t\t\t\t\tonclick=\"window.open('https:\/\/www.facebook.com\/sharer\/sharer.php?s=100&p[url]=https:\/\/www.villaadriatica.com\/es\/location\/', 'newwindow', 'width=600, height=450'); return false;\" >\n\t\t\t\t\t\t\t<img decoding=\"async\" style=\"display:block; background: none; padding: 0px; border:0px;\" src=\"https:\/\/www.villaadriatica.com\/wp-content\/plugins\/wordpress-social-ring\/includes\/..\/admin\/images\/sr-fb-share.png\" alt=\"Share\"\/>\n\t\t\t\t\t\t<\/a><\/div>\n<div class=\"social-ring-button\"><a rel=\"nofollow\" href=\"http:\/\/twitter.com\/share\" lang=\"en\" data-url=\"https:\/\/www.villaadriatica.com\/es\/location\/\" data-text=\"Ubicaci\u00f3n\" data-count=\"horizontal\" class=\"sr-twitter-button twitter-share-button\"><\/a><\/div>\n<div class=\"social-ring-button\"><div class=\"g-plusone\" data-href=\"https:\/\/www.villaadriatica.com\/es\/location\/\" data-size=\"medium\" ><\/div><\/div>\n<div class=\"social-ring-button\"><a rel=\"nofollow\" href=\"http:\/\/pinterest.com\/pin\/create\/button\/?url=https%3A%2F%2Fwww.villaadriatica.com%2Fes%2Flocation%2F&media=https%3A%2F%2Fwww.villaadriatica.com%2Fwp-content%2Fuploads%2F2013%2F06%2Fhotel-villa-adriatica-supetar-brac-location.jpg&description=Ubicaci%C3%B3n\" class=\"pin-it-button\"count-layout=\"horizontal\"><\/a><\/div>\n<\/div><!-- Social Ring Buttons End -->\n<\/p>\n","protected":false},"excerpt":{"rendered":"<p>Utilice este mapa para obtener indicaciones para llegar al Hotel Villa Adriatica. Villa Adri\u00e1tica, nuestro peque\u00f1o hotel boutique, es la opci\u00f3n correcta para sus vacaciones en Supetar, el coraz\u00f3n de la isla de Bra\u010d,&#8230;<\/p>\n","protected":false},"author":1,"featured_media":0,"parent":0,"menu_order":0,"comment_status":"closed","ping_status":"closed","template":"","meta":{"footnotes":""},"class_list":["post-1273","page","type-page","status-publish","hentry"],"yoast_head":"<!-- This site is optimized with the Yoast SEO plugin v25.1 - https:\/\/yoast.com\/wordpress\/plugins\/seo\/ -->\n<title>Hotel Villa Adriatica | Supetar, La isla de Brac | Ubicaci\u00f3n<\/title>\n<meta name=\"description\" content=\"Villa Adri\u00e1tica, nuestro peque\u00f1o hotel boutique, es la opci\u00f3n correcta para sus vacaciones en Supetar, el coraz\u00f3n de la isla de Bra\u010d, un para\u00edso natural donde se respira aire puro y se goza de tranquilidad.\" \/>\n<meta name=\"robots\" content=\"index, follow, max-snippet:-1, max-image-preview:large, max-video-preview:-1\" \/>\n<link rel=\"canonical\" href=\"https:\/\/www.villaadriatica.com\/es\/location\/\" \/>\n<meta property=\"og:locale\" content=\"es_ES\" \/>\n<meta property=\"og:type\" content=\"article\" \/>\n<meta property=\"og:title\" content=\"Hotel Villa Adriatica | Supetar, La isla de Brac | Ubicaci\u00f3n\" \/>\n<meta property=\"og:description\" content=\"Villa Adri\u00e1tica, nuestro peque\u00f1o hotel boutique, es la opci\u00f3n correcta para sus vacaciones en Supetar, el coraz\u00f3n de la isla de Bra\u010d, un para\u00edso natural donde se respira aire puro y se goza de tranquilidad.\" \/>\n<meta property=\"og:url\" content=\"https:\/\/www.villaadriatica.com\/es\/location\/\" \/>\n<meta property=\"article:modified_time\" content=\"2020-10-29T14:21:12+00:00\" \/>\n<meta property=\"og:image\" content=\"https:\/\/www.villaadriatica.com\/wp-content\/uploads\/2013\/06\/hotel-villa-adriatica-supetar-brac-location.jpg\" \/>\n<meta name=\"twitter:label1\" content=\"Tiempo de lectura\" \/>\n\t<meta name=\"twitter:data1\" content=\"1 minuto\" \/>\n<script type=\"application\/ld+json\" class=\"yoast-schema-graph\">{\"@context\":\"https:\/\/schema.org\",\"@graph\":[{\"@type\":\"WebPage\",\"@id\":\"https:\/\/www.villaadriatica.com\/es\/location\/\",\"url\":\"https:\/\/www.villaadriatica.com\/es\/location\/\",\"name\":\"Hotel Villa Adriatica | Supetar, La isla de Brac | Ubicaci\u00f3n\",\"isPartOf\":{\"@id\":\"https:\/\/www.villaadriatica.com\/hr\/#website\"},\"primaryImageOfPage\":{\"@id\":\"https:\/\/www.villaadriatica.com\/es\/location\/#primaryimage\"},\"image\":{\"@id\":\"https:\/\/www.villaadriatica.com\/es\/location\/#primaryimage\"},\"thumbnailUrl\":\"https:\/\/www.villaadriatica.com\/wp-content\/uploads\/2013\/06\/hotel-villa-adriatica-supetar-brac-location.jpg\",\"datePublished\":\"2013-06-11T13:31:58+00:00\",\"dateModified\":\"2020-10-29T14:21:12+00:00\",\"description\":\"Villa Adri\u00e1tica, nuestro peque\u00f1o hotel boutique, es la opci\u00f3n correcta para sus vacaciones en Supetar, el coraz\u00f3n de la isla de Bra\u010d, un para\u00edso natural donde se respira aire puro y se goza de tranquilidad.\",\"breadcrumb\":{\"@id\":\"https:\/\/www.villaadriatica.com\/es\/location\/#breadcrumb\"},\"inLanguage\":\"es\",\"potentialAction\":[{\"@type\":\"ReadAction\",\"target\":[\"https:\/\/www.villaadriatica.com\/es\/location\/\"]}]},{\"@type\":\"ImageObject\",\"inLanguage\":\"es\",\"@id\":\"https:\/\/www.villaadriatica.com\/es\/location\/#primaryimage\",\"url\":\"https:\/\/www.villaadriatica.com\/wp-content\/uploads\/2013\/06\/hotel-villa-adriatica-supetar-brac-location.jpg\",\"contentUrl\":\"https:\/\/www.villaadriatica.com\/wp-content\/uploads\/2013\/06\/hotel-villa-adriatica-supetar-brac-location.jpg\"},{\"@type\":\"BreadcrumbList\",\"@id\":\"https:\/\/www.villaadriatica.com\/es\/location\/#breadcrumb\",\"itemListElement\":[{\"@type\":\"ListItem\",\"position\":1,\"name\":\"Home\",\"item\":\"https:\/\/www.villaadriatica.com\/es\/\"},{\"@type\":\"ListItem\",\"position\":2,\"name\":\"Ubicaci\u00f3n\"}]},{\"@type\":\"WebSite\",\"@id\":\"https:\/\/www.villaadriatica.com\/hr\/#website\",\"url\":\"https:\/\/www.villaadriatica.com\/hr\/\",\"name\":\"\",\"description\":\"\",\"potentialAction\":[{\"@type\":\"SearchAction\",\"target\":{\"@type\":\"EntryPoint\",\"urlTemplate\":\"https:\/\/www.villaadriatica.com\/hr\/?s={search_term_string}\"},\"query-input\":{\"@type\":\"PropertyValueSpecification\",\"valueRequired\":true,\"valueName\":\"search_term_string\"}}],\"inLanguage\":\"es\"}]}<\/script>\n<!-- \/ Yoast SEO plugin. -->","yoast_head_json":{"title":"Hotel Villa Adriatica | Supetar, La isla de Brac | Ubicaci\u00f3n","description":"Villa Adri\u00e1tica, nuestro peque\u00f1o hotel boutique, es la opci\u00f3n correcta para sus vacaciones en Supetar, el coraz\u00f3n de la isla de Bra\u010d, un para\u00edso natural donde se respira aire puro y se goza de tranquilidad.","robots":{"index":"index","follow":"follow","max-snippet":"max-snippet:-1","max-image-preview":"max-image-preview:large","max-video-preview":"max-video-preview:-1"},"canonical":"https:\/\/www.villaadriatica.com\/es\/location\/","og_locale":"es_ES","og_type":"article","og_title":"Hotel Villa Adriatica | Supetar, La isla de Brac | Ubicaci\u00f3n","og_description":"Villa Adri\u00e1tica, nuestro peque\u00f1o hotel boutique, es la opci\u00f3n correcta para sus vacaciones en Supetar, el coraz\u00f3n de la isla de Bra\u010d, un para\u00edso natural donde se respira aire puro y se goza de tranquilidad.","og_url":"https:\/\/www.villaadriatica.com\/es\/location\/","article_modified_time":"2020-10-29T14:21:12+00:00","og_image":[{"url":"https:\/\/www.villaadriatica.com\/wp-content\/uploads\/2013\/06\/hotel-villa-adriatica-supetar-brac-location.jpg","type":"","width":"","height":""}],"twitter_misc":{"Tiempo de lectura":"1 minuto"},"schema":{"@context":"https:\/\/schema.org","@graph":[{"@type":"WebPage","@id":"https:\/\/www.villaadriatica.com\/es\/location\/","url":"https:\/\/www.villaadriatica.com\/es\/location\/","name":"Hotel Villa Adriatica | Supetar, La isla de Brac | Ubicaci\u00f3n","isPartOf":{"@id":"https:\/\/www.villaadriatica.com\/hr\/#website"},"primaryImageOfPage":{"@id":"https:\/\/www.villaadriatica.com\/es\/location\/#primaryimage"},"image":{"@id":"https:\/\/www.villaadriatica.com\/es\/location\/#primaryimage"},"thumbnailUrl":"https:\/\/www.villaadriatica.com\/wp-content\/uploads\/2013\/06\/hotel-villa-adriatica-supetar-brac-location.jpg","datePublished":"2013-06-11T13:31:58+00:00","dateModified":"2020-10-29T14:21:12+00:00","description":"Villa Adri\u00e1tica, nuestro peque\u00f1o hotel boutique, es la opci\u00f3n correcta para sus vacaciones en Supetar, el coraz\u00f3n de la isla de Bra\u010d, un para\u00edso natural donde se respira aire puro y se goza de tranquilidad.","breadcrumb":{"@id":"https:\/\/www.villaadriatica.com\/es\/location\/#breadcrumb"},"inLanguage":"es","potentialAction":[{"@type":"ReadAction","target":["https:\/\/www.villaadriatica.com\/es\/location\/"]}]},{"@type":"ImageObject","inLanguage":"es","@id":"https:\/\/www.villaadriatica.com\/es\/location\/#primaryimage","url":"https:\/\/www.villaadriatica.com\/wp-content\/uploads\/2013\/06\/hotel-villa-adriatica-supetar-brac-location.jpg","contentUrl":"https:\/\/www.villaadriatica.com\/wp-content\/uploads\/2013\/06\/hotel-villa-adriatica-supetar-brac-location.jpg"},{"@type":"BreadcrumbList","@id":"https:\/\/www.villaadriatica.com\/es\/location\/#breadcrumb","itemListElement":[{"@type":"ListItem","position":1,"name":"Home","item":"https:\/\/www.villaadriatica.com\/es\/"},{"@type":"ListItem","position":2,"name":"Ubicaci\u00f3n"}]},{"@type":"WebSite","@id":"https:\/\/www.villaadriatica.com\/hr\/#website","url":"https:\/\/www.villaadriatica.com\/hr\/","name":"","description":"","potentialAction":[{"@type":"SearchAction","target":{"@type":"EntryPoint","urlTemplate":"https:\/\/www.villaadriatica.com\/hr\/?s={search_term_string}"},"query-input":{"@type":"PropertyValueSpecification","valueRequired":true,"valueName":"search_term_string"}}],"inLanguage":"es"}]}},"_links":{"self":[{"href":"https:\/\/www.villaadriatica.com\/es\/wp-json\/wp\/v2\/pages\/1273","targetHints":{"allow":["GET"]}}],"collection":[{"href":"https:\/\/www.villaadriatica.com\/es\/wp-json\/wp\/v2\/pages"}],"about":[{"href":"https:\/\/www.villaadriatica.com\/es\/wp-json\/wp\/v2\/types\/page"}],"author":[{"embeddable":true,"href":"https:\/\/www.villaadriatica.com\/es\/wp-json\/wp\/v2\/users\/1"}],"replies":[{"embeddable":true,"href":"https:\/\/www.villaadriatica.com\/es\/wp-json\/wp\/v2\/comments?post=1273"}],"version-history":[{"count":2,"href":"https:\/\/www.villaadriatica.com\/es\/wp-json\/wp\/v2\/pages\/1273\/revisions"}],"predecessor-version":[{"id":3017,"href":"https:\/\/www.villaadriatica.com\/es\/wp-json\/wp\/v2\/pages\/1273\/revisions\/3017"}],"wp:attachment":[{"href":"https:\/\/www.villaadriatica.com\/es\/wp-json\/wp\/v2\/media?parent=1273"}],"curies":[{"name":"wp","href":"https:\/\/api.w.org\/{rel}","templated":true}]}}

Ubicación

<p><iframe loading="lazy" src="https://www.google.com/maps/embed?pb=!1m18!1m12!1m3!1d2899.6329605059705!2d16.54305245175685!3d43.38469807766563!2m3!1f0!2f0!3f0!3m2!1i1024!2i768!4f13.1!3m3!1m2!1s0x134a9d851f9d7f11%3A0xacd0df9131d02511!2sHotel%20Villa%20Adriatica!5e0!3m2!1sen!2shr!4v1603980732425!5m2!1sen!2shr" style="border:0;" allowfullscreen="" aria-hidden="false" tabindex="0" width="600" height="450" frameborder="0"></iframe></p>
<p><strong>Utilice este mapa para obtener indicaciones para llegar al Hotel Villa Adriatica.</strong></p>
<p><em><strong><a href="https://www.villaadriatica.com/wp-content/uploads/2013/06/hotel-villa-adriatica-supetar-brac-location.jpg"><img loading="lazy" decoding="async" class="alignnone  wp-image-205" title="Hotel Villa Adriatica Supetar Brac - Location" src="https://www.villaadriatica.com/wp-content/uploads/2013/06/hotel-villa-adriatica-supetar-brac-location.jpg" alt="Hotel Villa Adriatica Supetar Brac - Location" width="630" height="380" srcset="https://www.villaadriatica.com/wp-content/uploads/2013/06/hotel-villa-adriatica-supetar-brac-location.jpg 900w, https://www.villaadriatica.com/wp-content/uploads/2013/06/hotel-villa-adriatica-supetar-brac-location-300x181.jpg 300w" sizes="auto, (max-width: 630px) 100vw, 630px" /></a></strong></em>Villa Adriática, nuestro pequeño hotel boutique, es la opción correcta para sus vacaciones en Supetar, el corazón de la isla de Brač, un paraíso natural donde se respira aire puro y se goza de tranquilidad. El ambiente familiar y la atención esmerada y personalizada harán que su estadía sea confortable e inolvidable.</p>
<p><strong>Distancia&#8230;</strong><br />
<span style="color: #ff6600;">➔</span> Centro 400m<br />
<span style="color: #ff6600;">➔</span> Mar 100m<br />
<span style="color: #ff6600;">➔</span> Playa 100m<br />
<span style="color: #ff6600;">➔</span> Restaurante 50m<br />
<span style="color: #ff6600;">➔</span> Discoteca 50m<br />
<span style="color: #ff6600;">➔</span>&nbsp;Médico / Hospital 600m<br />
<span style="color: #ff6600;">➔</span>&nbsp;Aeropuerto 30 m<br />
<strong>Descripción de la playa</strong><br />
<strong>Adicionales playa más cercana:</strong><br />
<span style="color: #ff6600;">➔</span> Tumbonas y sombrillas &#8211; alquiler<br />
<span style="color: #ff6600;">➔</span> Bandera Azul<br />
<span style="color: #ff6600;">➔</span> Suplemento para sombrillas<br />
<span style="color: #ff6600;">➔</span> Duchas</p>
<p><em><strong>Para más información y reservas no dude en contactar con nosotros:</strong></em><br />
<!-- Social Ring Buttons Start --><div class="social-ring">
<div class="social-ring-button"><fb:like href="https://www.villaadriatica.com/es/location/" showfaces="false" layout="button_count" action="like"></fb:like></div>
<div class="social-ring-button"><a href="https://www.facebook.com/sharer/sharer.php?s=100&p[url]=https://www.villaadriatica.com/es/location/" target="_blank"
							onclick="window.open('https://www.facebook.com/sharer/sharer.php?s=100&p[url]=https://www.villaadriatica.com/es/location/', 'newwindow', 'width=600, height=450'); return false;" >
							<img decoding="async" style="display:block; background: none; padding: 0px; border:0px;" src="https://www.villaadriatica.com/wp-content/plugins/wordpress-social-ring/includes/../admin/images/sr-fb-share.png" alt="Share"/>
						</a></div>
<div class="social-ring-button"><a rel="nofollow" href="http://twitter.com/share" lang="en" data-url="https://www.villaadriatica.com/es/location/" data-text="Ubicación" data-count="horizontal" class="sr-twitter-button twitter-share-button"></a></div>
<div class="social-ring-button"><div class="g-plusone" data-href="https://www.villaadriatica.com/es/location/" data-size="medium" ></div></div>
<div class="social-ring-button"><a rel="nofollow" href="http://pinterest.com/pin/create/button/?url=https%3A%2F%2Fwww.villaadriatica.com%2Fes%2Flocation%2F&media=https%3A%2F%2Fwww.villaadriatica.com%2Fwp-content%2Fuploads%2F2013%2F06%2Fhotel-villa-adriatica-supetar-brac-location.jpg&description=Ubicaci%C3%B3n" class="pin-it-button"count-layout="horizontal"></a></div>
</div><!-- Social Ring Buttons End -->
</p>

<p>Utilice este mapa para obtener indicaciones para llegar al Hotel Villa Adriatica. Villa Adriática, nuestro pequeño hotel boutique, es la opción correcta para sus vacaciones en Supetar, el corazón de la isla de Brač,&#8230;</p>

<!-- This site is optimized with the Yoast SEO plugin v25.1 - https://yoast.com/wordpress/plugins/seo/ -->
<title>Hotel Villa Adriatica | Supetar, La isla de Brac | Ubicación</title>
<meta name="description" content="Villa Adriática, nuestro pequeño hotel boutique, es la opción correcta para sus vacaciones en Supetar, el corazón de la isla de Brač, un paraíso natural donde se respira aire puro y se goza de tranquilidad." />
<meta name="robots" content="index, follow, max-snippet:-1, max-image-preview:large, max-video-preview:-1" />
<link rel="canonical" href="https://www.villaadriatica.com/es/location/" />
<meta property="og:locale" content="es_ES" />
<meta property="og:type" content="article" />
<meta property="og:title" content="Hotel Villa Adriatica | Supetar, La isla de Brac | Ubicación" />
<meta property="og:description" content="Villa Adriática, nuestro pequeño hotel boutique, es la opción correcta para sus vacaciones en Supetar, el corazón de la isla de Brač, un paraíso natural donde se respira aire puro y se goza de tranquilidad." />
<meta property="og:url" content="https://www.villaadriatica.com/es/location/" />
<meta property="article:modified_time" content="2020-10-29T14:21:12+00:00" />
<meta property="og:image" content="https://www.villaadriatica.com/wp-content/uploads/2013/06/hotel-villa-adriatica-supetar-brac-location.jpg" />
<meta name="twitter:label1" content="Tiempo de lectura" />
	<meta name="twitter:data1" content="1 minuto" />
<script type="application/ld+json" class="yoast-schema-graph">{"@context":"https://schema.org","@graph":[{"@type":"WebPage","@id":"https://www.villaadriatica.com/es/location/","url":"https://www.villaadriatica.com/es/location/","name":"Hotel Villa Adriatica | Supetar, La isla de Brac | Ubicación","isPartOf":{"@id":"https://www.villaadriatica.com/hr/#website"},"primaryImageOfPage":{"@id":"https://www.villaadriatica.com/es/location/#primaryimage"},"image":{"@id":"https://www.villaadriatica.com/es/location/#primaryimage"},"thumbnailUrl":"https://www.villaadriatica.com/wp-content/uploads/2013/06/hotel-villa-adriatica-supetar-brac-location.jpg","datePublished":"2013-06-11T13:31:58+00:00","dateModified":"2020-10-29T14:21:12+00:00","description":"Villa Adriática, nuestro pequeño hotel boutique, es la opción correcta para sus vacaciones en Supetar, el corazón de la isla de Brač, un paraíso natural donde se respira aire puro y se goza de tranquilidad.","breadcrumb":{"@id":"https://www.villaadriatica.com/es/location/#breadcrumb"},"inLanguage":"es","potentialAction":[{"@type":"ReadAction","target":["https://www.villaadriatica.com/es/location/"]}]},{"@type":"ImageObject","inLanguage":"es","@id":"https://www.villaadriatica.com/es/location/#primaryimage","url":"https://www.villaadriatica.com/wp-content/uploads/2013/06/hotel-villa-adriatica-supetar-brac-location.jpg","contentUrl":"https://www.villaadriatica.com/wp-content/uploads/2013/06/hotel-villa-adriatica-supetar-brac-location.jpg"},{"@type":"BreadcrumbList","@id":"https://www.villaadriatica.com/es/location/#breadcrumb","itemListElement":[{"@type":"ListItem","position":1,"name":"Home","item":"https://www.villaadriatica.com/es/"},{"@type":"ListItem","position":2,"name":"Ubicación"}]},{"@type":"WebSite","@id":"https://www.villaadriatica.com/hr/#website","url":"https://www.villaadriatica.com/hr/","name":"","description":"","potentialAction":[{"@type":"SearchAction","target":{"@type":"EntryPoint","urlTemplate":"https://www.villaadriatica.com/hr/?s={search_term_string}"},"query-input":{"@type":"PropertyValueSpecification","valueRequired":true,"valueName":"search_term_string"}}],"inLanguage":"es"}]}</script>
<!-- / Yoast SEO plugin. -->

Hotel Villa Adriatica | Supetar, La isla de Brac | Ubicación

Villa Adriática, nuestro pequeño hotel boutique, es la opción correcta para sus vacaciones en Supetar, el corazón de la isla de Brač, un paraíso natural donde se respira aire puro y se goza de tranquilidad.
